{"id":1120,"date":"2018-08-30T12:51:35","date_gmt":"2018-08-30T15:51:35","guid":{"rendered":"https:\/\/iscuruzucuatia-crr.infd.edu.ar\/sitio\/autoridades\/"},"modified":"2025-08-26T10:25:13","modified_gmt":"2025-08-26T13:25:13","slug":"autoridades","status":"publish","type":"page","link":"https:\/\/iscuruzucuatia-crr.infd.edu.ar\/sitio\/inicio\/autoridades\/","title":{"rendered":"Autoridades"},"content":{"rendered":"<div style=\"font-family: 'Ubuntu',sans-serif; font-size: 1rem; color: #000000; text-align: left;\" data-darkreader-inline-color=\"\">\n<h1 style=\"font-size: 2.5rem; color: #1d4197; text-align: center;\" data-darkreader-inline-color=\"\">AUTORIDADES<\/h1>\n<p><i>El gobierno del Instituto Superior funciona colegiadamente bajo la figura de un Consejo Directivo (Resoluci\u00f3n 1561\/05)<\/i><\/p>\n<h3 style=\"font-size: 1.5rem; color: #1d4197;\" data-darkreader-inline-color=\"\">Administraci\u00f3n<\/h3>\n<ul>\n<li><strong>Rectora:<\/strong> Mgter. Teresita Quiroz<\/li>\n<li><strong>Vicerrector:<\/strong> Prof. Sergio Gonz\u00e1lez Farin\u00f3n<\/li>\n<li><strong>Secretaria Acad\u00e9mica:<\/strong> Mgter. Flavia Frola<\/li>\n<li><strong>Secretaria Administrativa:<\/strong> Lic. Marcela Martinez<\/li>\n<\/ul>\n<h3 style=\"font-size: 1.5rem; color: #1d4197;\" data-darkreader-inline-color=\"\">Coordinadores de \u00c1rea<\/h3>\n<ul>\n<li><strong>Coordinadora de Apoyo Pedag\u00f3gico a Escuelas Asociadas:<\/strong> Prof. Mar\u00eda Paula Ordenavia<\/li>\n<li><strong>Coordinadora de Formaci\u00f3n Inicial:<\/strong> Mgter. Liliana Arbelo<\/li>\n<li><strong>Coordinadora de Pr\u00e1cticas Docentes: <\/strong>Lic. Natalia Aguirre<\/li>\n<li><strong>Coordinadores de Pol\u00edticas Estudiantiles:<\/strong> Tec. Miguel Garcia<\/li>\n<li><strong>Coordinadora de Formaci\u00f3n Docente Continua:\u00a0<\/strong>Mgter. Arazun\u00fa Martinez<\/li>\n<\/ul>\n<h3 style=\"font-size: 1.5rem; color: #1d4197;\" data-darkreader-inline-color=\"\">Coordinadores de Carrera<\/h3>\n<ul>\n<li><strong>Tecnicatura Superior en Infraestructura Inform\u00e1tica:\u00a0<\/strong>Lic. Silvana Marino Pezzarini<\/li>\n<li><strong>Tecnicatura Superior en Higiene y Seguridad Laboral:\u00a0<\/strong>Ing. Adri\u00e1n Frola<\/li>\n<li><strong>Tecnicatura Superior en Gesti\u00f3n de la Producci\u00f3n Agropecuaria:<\/strong> Tec. Daniela Zarate<\/li>\n<li><strong>Tecnicatura Superior en Turismo:\u00a0<\/strong>Prof. Alejandra Oliva<\/li>\n<li><strong>Tecnicatura Superior en Enfermer\u00eda:<\/strong> Lic. Vanina Pucheta<\/li>\n<li><strong>Profesorado en Ingl\u00e9s:<\/strong> Prof. Josefina Ackerley<\/li>\n<li><strong>Profesorado en Artes Visuales:<\/strong> Prof.. Maria Gabriela Reggi<\/li>\n<li><strong>Profesorado en Educaci\u00f3n Inicial: Prof. <\/strong>Karina Ianni<\/li>\n<li><strong>Profesorado en Educaci\u00f3n Primaria:<\/strong> Prof. Marcela Hern\u00e1ndez<\/li>\n<li><strong>Profesorado en Inform\u00e1tica:<\/strong> Prof. Eduardo Boccadoro<\/li>\n<li><strong>Profesorado Secundario en Historia:\u00a0<\/strong>Prof.<\/li>\n<\/ul>\n<\/div>\n","protected":false},"excerpt":{"rendered":"<p>AUTORIDADES El gobierno del Instituto Superior funciona colegiadamente bajo la figura de un Consejo Directivo (Resoluci\u00f3n 1561\/05) Administraci\u00f3n Rectora: Mgter. Teresita Quiroz Vicerrector: Prof. Sergio Gonz\u00e1lez Farin\u00f3n Secretaria Acad\u00e9mica: Mgter. Flavia Frola Secretaria Administrativa: Lic. Marcela Martinez Coordinadores de \u00c1rea Coordinadora de Apoyo Pedag\u00f3gico a Escuelas Asociadas: Prof. Mar\u00eda Paula Ordenavia Coordinadora de Formaci\u00f3n Inicial: &#8230; <a title=\"Autoridades\" class=\"read-more\" href=\"https:\/\/iscuruzucuatia-crr.infd.edu.ar\/sitio\/inicio\/autoridades\/\" aria-label=\"More on Autoridades\">[+]<\/a><\/p>\n","protected":false},"author":805,"featured_media":0,"parent":286,"menu_order":0,"comment_status":"closed","ping_status":"closed","template":"","meta":[],"acf":[],"_links":{"self":[{"href":"https:\/\/iscuruzucuatia-crr.infd.edu.ar\/sitio\/wp-json\/wp\/v2\/pages\/1120"}],"collection":[{"href":"https:\/\/iscuruzucuatia-crr.infd.edu.ar\/sitio\/wp-json\/wp\/v2\/pages"}],"about":[{"href":"https:\/\/iscuruzucuatia-crr.infd.edu.ar\/sitio\/wp-json\/wp\/v2\/types\/page"}],"author":[{"embeddable":true,"href":"https:\/\/iscuruzucuatia-crr.infd.edu.ar\/sitio\/wp-json\/wp\/v2\/users\/805"}],"replies":[{"embeddable":true,"href":"https:\/\/iscuruzucuatia-crr.infd.edu.ar\/sitio\/wp-json\/wp\/v2\/comments?post=1120"}],"version-history":[{"count":34,"href":"https:\/\/iscuruzucuatia-crr.infd.edu.ar\/sitio\/wp-json\/wp\/v2\/pages\/1120\/revisions"}],"predecessor-version":[{"id":3540,"href":"https:\/\/iscuruzucuatia-crr.infd.edu.ar\/sitio\/wp-json\/wp\/v2\/pages\/1120\/revisions\/3540"}],"up":[{"embeddable":true,"href":"https:\/\/iscuruzucuatia-crr.infd.edu.ar\/sitio\/wp-json\/wp\/v2\/pages\/286"}],"wp:attachment":[{"href":"https:\/\/iscuruzucuatia-crr.infd.edu.ar\/sitio\/wp-json\/wp\/v2\/media?parent=1120"}],"curies":[{"name":"wp","href":"https:\/\/api.w.org\/{rel}","templated":true}]}}