{"id":1117,"date":"2021-08-30T12:51:00","date_gmt":"2021-08-30T15:51:00","guid":{"rendered":"https:\/\/iscuruzucuatia-crr.infd.edu.ar\/sitio\/docentes-2\/"},"modified":"2021-10-29T12:57:20","modified_gmt":"2021-10-29T15:57:20","slug":"docentes","status":"publish","type":"page","link":"https:\/\/iscuruzucuatia-crr.infd.edu.ar\/sitio\/inicio\/docentes\/","title":{"rendered":"Docentes"},"content":{"rendered":"<div style=\"font-family: 'Ubuntu',sans-serif;  font-size: 1rem;\">\n<h1 style=\"font-size: 2.5rem; color: #1D4197; text-align: center;\"> DOCENTES<\/h1>\n<p>Nuestra Instituci\u00f3n educativa cuenta con un prestigioso plantel de docentes y personal administrativo que trabaja<br \/>\ndiariamente para formar futuros profesionales de excelencia.<\/p>\n<p>Ellos son:<\/p>\n<ul>\n<li>ACKERLEY GROSSI, Josefina<\/li>\n<li>AGUIRRE, Andrea del Valle<\/li>\n<li>AGUIRRE, Natalia Maricel<\/li>\n<li>ALCARAZ, Antonia Albina<\/li>\n<li>ALEGRE BALBI, Noelia In\u00e9s<\/li>\n<li>ARBELO, Liliana<\/li>\n<li>ARECO, Rosana Mariel<\/li>\n<li>AZPIAZU, Mar\u00eda Mercedes<\/li>\n<li>BALBI, Noelia<\/li>\n<li>BECCARIA, Mauricio<\/li>\n<li>BOCCADORO, Eduardo<\/li>\n<li>BONNIN, Norma Beatriz<\/li>\n<li>BOTAZZI, Erika Andrea<\/li>\n<li>BURGOS, Alexander Jerusal\u00e9n<\/li>\n<li>C\u00c1CERES, Eva Isabel<\/li>\n<li>CALLABA, Omar Eugenio<\/li>\n<li>CAMPO, Juan Pedro<\/li>\n<li>CAVALLI, Mar\u00eda Emilia<\/li>\n<li>CEOLA, Mar\u00eda Teresita<\/li>\n<li>CORNALO, Norma Alicia<\/li>\n<li>COTTO, Rodolfo Ra\u00fal<\/li>\n<li>COUTI\u00d1O, Mar\u00eda Soledad<\/li>\n<li>CHIAPPE, Patricia Carolina<\/li>\n<li>DECHAMPS, Andr\u00e9s Eduardo<\/li>\n<li>D\u00cdAZ, Cristina<\/li>\n<li>ENCINA, Sandra Teresita<\/li>\n<li>ESCALANTE, Mar\u00eda de los A.<\/li>\n<li>ESP\u00cdNOLA, Hugo C\u00e9sar<\/li>\n<li>ESTIGARRIBIA, Lilian Mar\u00eda<\/li>\n<li>ESTIGARRIBIA, Marina<\/li>\n<li>FABBRO, Ver\u00f3nica In\u00e9s<\/li>\n<li>FANT\u00cdN GONZ\u00c1LEZ, Mar\u00eda Agostina<\/li>\n<li>FERREYRA, Mario Roberto<\/li>\n<li>FORNAROLLI, Mar\u00eda E.<\/li>\n<li>FRATTINI, Diana Alejandra<\/li>\n<li>FROLA, Flavia Ester<\/li>\n<li>FROLA, Luis Adri\u00e1n<\/li>\n<li>GARC\u00cdA, Miguel \u00c1ngel<\/li>\n<li>GAUNA, Sonia Fabiana<\/li>\n<li>GAZZO, Mar\u00eda Graciela<\/li>\n<li>GOBO JOANNAS, Cristian<\/li>\n<li>G\u00d3MEZ, Mar\u00eda Rosa<\/li>\n<li>G\u00d3MEZ, Sergio Ariel<\/li>\n<li>GONZ\u00c1LEZ FARINON, Sergio<\/li>\n<li>GRELA, Marcelo Jos\u00e9<\/li>\n<li>GUIDOBONO, Mar\u00eda Fernanda<\/li>\n<li>GUTI\u00c9RREZ, Sandra Noem\u00ed<\/li>\n<li>HAUNAU, Estela<\/li>\n<li>HAUNAU, Mar\u00eda<\/li>\n<li>HERN\u00c1NDEZ, Marcela Itat\u00ed<\/li>\n<li>IANNI, Karina Lorena<\/li>\n<li>IRIGOYEN ORIA, Julieta<\/li>\n<li>LAMBERT, V\u00edctor Leonardo D.<\/li>\n<li>LAPALMA, Andrea de los A.<\/li>\n<li>LARRETEGUY, Isond\u00fa<\/li>\n<li>LEDESMA RODRIGUEZ, Natalia S.<\/li>\n<li>LEYES, Sonia Betina<\/li>\n<li>MALDONADO, Ra\u00fal Oscar<\/li>\n<li>MARINO PEZZARINI, Silvana<\/li>\n<li>MART\u00cdNEZ, Marcela Alejandra<\/li>\n<li>MART\u00cdNEZ, Mar\u00eda Arazun\u00fa<\/li>\n<li>MASSARONI, Daniel Gilberto<\/li>\n<li>MEDINA RU\u00cdZ, Manuel<\/li>\n<li>MELGAREJO, Susana<\/li>\n<li>MELLONE, Romina<\/li>\n<li>MILLER, Pamela<\/li>\n<li>MONTALTO, Mar\u00eda Laura<\/li>\n<li>MONTICHELLI, Andrea<\/li>\n<li>MORTON, Ver\u00f3nica Beatriz<\/li>\n<li>NARDELLI, Daniela Paola<\/li>\n<li>OJEDA MACIEL, Fernando<\/li>\n<li>OLAZAGOITIA, Rita Celia<\/li>\n<li>OLIVA MORALES, Alejandra<\/li>\n<li>OLIVEIRA, Itat\u00ed Gladis<\/li>\n<li>ORDENAVIA, Mar\u00eda Paula<\/li>\n<li>ORIA, Matilde Isabel<\/li>\n<li>ORTIZ, Carmen Alejandra<\/li>\n<li>PEDELHEZ, Karina Daniela<\/li>\n<li>PEDREIRA, Margarita Claudia<\/li>\n<li>PERCARA, Mart\u00edn Jos\u00e9<\/li>\n<li>PODEST\u00c1 G\u00d3MEZ, Carlos E.<\/li>\n<li>POLETTO, Fabiana Patricia<\/li>\n<li>POSITIERE, Ver\u00f3nica Irup\u00e9<\/li>\n<li>PREISZ, V\u00edctor Hern\u00e1n<\/li>\n<li>PROS, Gladys Margot<\/li>\n<li>PROZ, Roxana Mariel<\/li>\n<li>QUIROZ, Mar\u00eda Teresita<\/li>\n<li>RAM\u00cdREZ, Fernando Claudio<\/li>\n<li>RAM\u00cdREZ, Valeria Noem\u00ed<\/li>\n<li>REGGI, Mar\u00eda Gabriela<\/li>\n<li>ROBAINA, Adriana Mariel<\/li>\n<li>RODR\u00cdGUEZ, Claudia A.<\/li>\n<li>ROMERO, Alicia del Carmen<\/li>\n<li>SALAS, Susana<\/li>\n<li>SALVADOR, Arcelia Teresa<\/li>\n<li>S\u00c1NCHEZ, Laura Mar\u00eda<\/li>\n<li>S\u00c1NCHEZ, Mara<\/li>\n<li>S\u00c1NCHEZ, Orlando<\/li>\n<li>SEILLANT, Albertina<\/li>\n<li>SEILLANT, Carlos Alberto<\/li>\n<li>SILVA, Berta Itat\u00ed<\/li>\n<li>SIOLI, Patricia M\u00f3nica<\/li>\n<li>SOSA, Ricardo Emilio<\/li>\n<li>SOSA, Silvia Mariana<\/li>\n<li>STAMATTI, Agust\u00edn<\/li>\n<li>STAMATTI, Facundo<\/li>\n<li>SUAREZ, Rodolfo Alejandro<\/li>\n<li>TREPPO, Juan Manuel<\/li>\n<li>TREPPO, Mar\u00eda Cielo<\/li>\n<li>VALLEJOS, Ver\u00f3nica Susana<\/li>\n<li>VEGA, Juli\u00e1n Esteban<\/li>\n<li>VELIZ, Rosalba Gisel<\/li>\n<li>VER\u00d3N, Mar\u00eda de Jes\u00fas<\/li>\n<li>VILLALBA, Juan Carlos<\/li>\n<li>VOLPI, Julia Dominga<\/li>\n<li>ZABALA, Mauricio<\/li>\n<li>ZARATE, Silvina Daniela<\/li>\n<li>ZINI, Mar\u00eda Mercedes<\/li>\n<li>ZOCOLA, Viviana Olga<\/li>\n<li>ZUGASTI, Josefina<\/li>\n<\/ul>\n<\/div>\n","protected":false},"excerpt":{"rendered":"<p>DOCENTES Nuestra Instituci\u00f3n educativa cuenta con un prestigioso plantel de docentes y personal administrativo que trabaja diariamente para formar futuros profesionales de excelencia. Ellos son: ACKERLEY GROSSI, Josefina AGUIRRE, Andrea del Valle AGUIRRE, Natalia Maricel ALCARAZ, Antonia Albina ALEGRE BALBI, Noelia In\u00e9s ARBELO, Liliana ARECO, Rosana Mariel AZPIAZU, Mar\u00eda Mercedes BALBI, Noelia BECCARIA, Mauricio BOCCADORO, &#8230; <a title=\"Docentes\" class=\"read-more\" href=\"https:\/\/iscuruzucuatia-crr.infd.edu.ar\/sitio\/inicio\/docentes\/\" aria-label=\"More on Docentes\">[+]<\/a><\/p>\n","protected":false},"author":3317,"featured_media":0,"parent":286,"menu_order":0,"comment_status":"closed","ping_status":"closed","template":"","meta":[],"acf":[],"_links":{"self":[{"href":"https:\/\/iscuruzucuatia-crr.infd.edu.ar\/sitio\/wp-json\/wp\/v2\/pages\/1117"}],"collection":[{"href":"https:\/\/iscuruzucuatia-crr.infd.edu.ar\/sitio\/wp-json\/wp\/v2\/pages"}],"about":[{"href":"https:\/\/iscuruzucuatia-crr.infd.edu.ar\/sitio\/wp-json\/wp\/v2\/types\/page"}],"author":[{"embeddable":true,"href":"https:\/\/iscuruzucuatia-crr.infd.edu.ar\/sitio\/wp-json\/wp\/v2\/users\/3317"}],"replies":[{"embeddable":true,"href":"https:\/\/iscuruzucuatia-crr.infd.edu.ar\/sitio\/wp-json\/wp\/v2\/comments?post=1117"}],"version-history":[{"count":5,"href":"https:\/\/iscuruzucuatia-crr.infd.edu.ar\/sitio\/wp-json\/wp\/v2\/pages\/1117\/revisions"}],"predecessor-version":[{"id":2863,"href":"https:\/\/iscuruzucuatia-crr.infd.edu.ar\/sitio\/wp-json\/wp\/v2\/pages\/1117\/revisions\/2863"}],"up":[{"embeddable":true,"href":"https:\/\/iscuruzucuatia-crr.infd.edu.ar\/sitio\/wp-json\/wp\/v2\/pages\/286"}],"wp:attachment":[{"href":"https:\/\/iscuruzucuatia-crr.infd.edu.ar\/sitio\/wp-json\/wp\/v2\/media?parent=1117"}],"curies":[{"name":"wp","href":"https:\/\/api.w.org\/{rel}","templated":true}]}}